{"id":270,"date":"2021-11-11T16:27:04","date_gmt":"2021-11-11T15:27:04","guid":{"rendered":"https:\/\/martialchouvel.com\/projets\/shopart23\/?page_id=270"},"modified":"2021-11-17T13:22:18","modified_gmt":"2021-11-17T12:22:18","slug":"info","status":"publish","type":"page","link":"https:\/\/martialchouvel.com\/projets\/shopart23\/info\/","title":{"rendered":"Info"},"content":{"rendered":"\t\t<div data-elementor-type=\"wp-page\" data-elementor-id=\"270\" class=\"elementor elementor-270\" data-elementor-settings=\"[]\">\n\t\t\t\t\t\t\t<div class=\"elementor-section-wrap\">\n\t\t\t\t\t\t\t<section class=\"elementor-section elementor-top-section elementor-element elementor-element-2b7c9be3 elementor-section-full_width elementor-section-height-default elementor-section-height-default\" data-id=\"2b7c9be3\" data-element_type=\"section\" data-settings=\"{&quot;background_background&quot;:&quot;gradient&quot;}\">\n\t\t\t\t\t\t<div class=\"elementor-container elementor-column-gap-default\">\n\t\t\t\t\t<div class=\"elementor-column elementor-col-100 elementor-top-column elementor-element elementor-element-27fcf6b4\" data-id=\"27fcf6b4\" data-element_type=\"column\">\n\t\t\t<div class=\"elementor-widget-wrap elementor-element-populated\">\n\t\t\t\t\t\t\t\t<div class=\"elementor-element elementor-element-5a36e00c elementor--h-position-center elementor--v-position-middle elementor-arrows-position-inside elementor-pagination-position-inside elementor-widget elementor-widget-slides\" data-id=\"5a36e00c\" data-element_type=\"widget\" data-settings=\"{&quot;navigation&quot;:&quot;both&quot;,&quot;autoplay&quot;:&quot;yes&quot;,&quot;pause_on_hover&quot;:&quot;yes&quot;,&quot;pause_on_interaction&quot;:&quot;yes&quot;,&quot;autoplay_speed&quot;:5000,&quot;infinite&quot;:&quot;yes&quot;,&quot;transition&quot;:&quot;slide&quot;,&quot;transition_speed&quot;:500}\" data-widget_type=\"slides.default\">\n\t\t\t\t<div class=\"elementor-widget-container\">\n\t\t\t\t\t<div class=\"elementor-swiper\">\n\t\t\t<div class=\"elementor-slides-wrapper elementor-main-swiper swiper-container\" dir=\"ltr\" data-animation=\"\">\n\t\t\t\t<div class=\"swiper-wrapper elementor-slides\">\n\t\t\t\t\t\t\t\t\t\t<div class=\"elementor-repeater-item-ef34adf swiper-slide\"><div class=\"swiper-slide-bg\"><\/div><div class=\"elementor-background-overlay\"><\/div><div class=\"swiper-slide-inner\" ><div class=\"swiper-slide-contents\"><div class=\"elementor-slide-heading\">Info<\/div><\/div><\/div><\/div>\t\t\t\t<\/div>\n\t\t\t\t\t\t\t<\/div>\n\t\t<\/div>\n\t\t\t\t<\/div>\n\t\t\t\t<\/div>\n\t\t\t\t\t<\/div>\n\t\t<\/div>\n\t\t\t\t\t\t\t<\/div>\n\t\t<\/section>\n\t\t\t\t<section class=\"elementor-section elementor-top-section elementor-element elementor-element-5043dc83 elementor-section-boxed elementor-section-height-default elementor-section-height-default\" data-id=\"5043dc83\" data-element_type=\"section\" data-settings=\"{&quot;background_background&quot;:&quot;classic&quot;}\">\n\t\t\t\t\t\t<div class=\"elementor-container elementor-column-gap-default\">\n\t\t\t\t\t<div class=\"elementor-column elementor-col-100 elementor-top-column elementor-element elementor-element-3727db81\" data-id=\"3727db81\" data-element_type=\"column\" data-settings=\"{&quot;background_background&quot;:&quot;classic&quot;}\">\n\t\t\t<div class=\"elementor-widget-wrap elementor-element-populated\">\n\t\t\t\t\t\t\t\t<div class=\"elementor-element elementor-element-273a931 elementor-widget elementor-widget-gallery\" data-id=\"273a931\" data-element_type=\"widget\" data-settings=\"{&quot;columns&quot;:2,&quot;lazyload&quot;:&quot;yes&quot;,&quot;gallery_layout&quot;:&quot;grid&quot;,&quot;columns_tablet&quot;:2,&quot;columns_mobile&quot;:1,&quot;gap&quot;:{&quot;unit&quot;:&quot;px&quot;,&quot;size&quot;:10,&quot;sizes&quot;:[]},&quot;gap_tablet&quot;:{&quot;unit&quot;:&quot;px&quot;,&quot;size&quot;:10,&quot;sizes&quot;:[]},&quot;gap_mobile&quot;:{&quot;unit&quot;:&quot;px&quot;,&quot;size&quot;:10,&quot;sizes&quot;:[]},&quot;aspect_ratio&quot;:&quot;3:2&quot;,&quot;overlay_background&quot;:&quot;yes&quot;,&quot;content_hover_animation&quot;:&quot;fade-in&quot;}\" data-widget_type=\"gallery.default\">\n\t\t\t\t<div class=\"elementor-widget-container\">\n\t\t\t\t\t<div class=\"elementor-gallery__container\">\n\t\t\t\t\t\t\t<div class=\"e-gallery-item elementor-gallery-item elementor-animated-content\">\n\t\t\t\t\t<div class=\"e-gallery-image elementor-gallery-item__image\" data-thumbnail=\"https:\/\/martialchouvel.com\/projets\/shopart23\/wp-content\/uploads\/2021\/10\/Manon02square-300x300.jpg\" data-width=\"300\" data-height=\"300\" alt=\"\" ><\/div>\n\t\t\t\t\t\t\t\t\t\t\t<div class=\"elementor-gallery-item__overlay\"><\/div>\n\t\t\t\t\t\t\t\t\t\t\t\t\t\t<\/div>\n\t\t\t\t\t\t\t<div class=\"e-gallery-item elementor-gallery-item elementor-animated-content\">\n\t\t\t\t\t<div class=\"e-gallery-image elementor-gallery-item__image\" data-thumbnail=\"https:\/\/martialchouvel.com\/projets\/shopart23\/wp-content\/uploads\/2021\/10\/Manon01square-300x300.jpg\" data-width=\"300\" data-height=\"300\" alt=\"\" ><\/div>\n\t\t\t\t\t\t\t\t\t\t\t<div class=\"elementor-gallery-item__overlay\"><\/div>\n\t\t\t\t\t\t\t\t\t\t\t\t\t\t<\/div>\n\t\t\t\t\t<\/div>\n\t\t\t<\/div>\n\t\t\t\t<\/div>\n\t\t\t\t<section class=\"elementor-section elementor-inner-section elementor-element elementor-element-1f5e4662 elementor-section-boxed elementor-section-height-default elementor-section-height-default\" data-id=\"1f5e4662\" data-element_type=\"section\" data-settings=\"{&quot;background_background&quot;:&quot;classic&quot;}\">\n\t\t\t\t\t\t<div class=\"elementor-container elementor-column-gap-default\">\n\t\t\t\t\t<div class=\"elementor-column elementor-col-50 elementor-inner-column elementor-element elementor-element-5819c9d2\" data-id=\"5819c9d2\" data-element_type=\"column\">\n\t\t\t<div class=\"elementor-widget-wrap elementor-element-populated\">\n\t\t\t\t\t\t\t\t<div class=\"elementor-element elementor-element-728daa64 elementor-widget elementor-widget-heading\" data-id=\"728daa64\" data-element_type=\"widget\" data-widget_type=\"heading.default\">\n\t\t\t\t<div class=\"elementor-widget-container\">\n\t\t\t<h2 class=\"elementor-heading-title elementor-size-default\">A propos<\/h2>\t\t<\/div>\n\t\t\t\t<\/div>\n\t\t\t\t<div class=\"elementor-element elementor-element-229abd61 elementor-widget elementor-widget-text-editor\" data-id=\"229abd61\" data-element_type=\"widget\" data-widget_type=\"text-editor.default\">\n\t\t\t\t<div class=\"elementor-widget-container\">\n\t\t\t\t\t\t\t<p>N\u00e9e en 1979, \u00e0 Li\u00e8ge, je suis dipl\u00f4m\u00e9e de l\u2019universit\u00e9 de Li\u00e8ge en Histoire de l\u2019art et Arch\u00e9ologie. Pendant mon cursus, j\u2019ai \u00e9galement suivi des cours de dessin \u00e0 l\u2019Acad\u00e9mie des Beaux-Arts de Li\u00e8ge. Ayant toujours \u00e9t\u00e9 int\u00e9ress\u00e9e par l\u2019Art et sa mise en \u0153uvre, \u00e0 l\u2019\u00e2ge de 40 ans, j\u2019ai \u00e9mis le souhait de renouer avec le dessin. D\u2019abord au crayon, puis \u00e0 l\u2019encre, j\u2019ai fini par me lancer dans l\u2019acrylique !<\/p><p>Stimul\u00e9e par la Culture Pop, l\u2019univers des Comics, des mangas japonais et des dessins anim\u00e9s am\u00e9ricains, je propose des \u0153uvres aux couleurs brillantes, pures et avec peu de nuances.<\/p><p>Le fond, en dehors du ou des personnages principaux, est tant\u00f4t influenc\u00e9 par de grands ma\u00eetres tels que Keith Haring, Piet Mondrian ou Roy Lichtenstein mais aussi par le m\u00e9lange de logos de marques, d\u2019ic\u00f4nes ou du monde des jeux vid\u00e9o.<\/p><p>Mes compositions s\u2019inscrivent la plupart du temps dans un format carr\u00e9. Le format carr\u00e9 pr\u00e9sente pour moi une certaine symbolique et fait r\u00e9f\u00e9rence \u00e0 la th\u00e9matique de \u00ab L\u2019esprit carr\u00e9 \u00bb : j\u2019aime \u00e0 penser que \u00ab L\u2019esprit carr\u00e9 ne garantit pas de tourner en rond \u00bb !<\/p>\t\t\t\t\t\t<\/div>\n\t\t\t\t<\/div>\n\t\t\t\t\t<\/div>\n\t\t<\/div>\n\t\t\t\t<div class=\"elementor-column elementor-col-50 elementor-inner-column elementor-element elementor-element-d3dca0f\" data-id=\"d3dca0f\" data-element_type=\"column\">\n\t\t\t<div class=\"elementor-widget-wrap elementor-element-populated\">\n\t\t\t\t\t\t\t\t<div class=\"elementor-element elementor-element-7f2af0c elementor-widget elementor-widget-heading\" data-id=\"7f2af0c\" data-element_type=\"widget\" data-widget_type=\"heading.default\">\n\t\t\t\t<div class=\"elementor-widget-container\">\n\t\t\t<h2 class=\"elementor-heading-title elementor-size-default\">By the way<\/h2>\t\t<\/div>\n\t\t\t\t<\/div>\n\t\t\t\t<div class=\"elementor-element elementor-element-4c1451c elementor-widget elementor-widget-text-editor\" data-id=\"4c1451c\" data-element_type=\"widget\" data-widget_type=\"text-editor.default\">\n\t\t\t\t<div class=\"elementor-widget-container\">\n\t\t\t\t\t\t\t<p>Born in 1979 in Li\u00e8ge, I graduated from the University of Li\u00e8ge in Art History and Archeology. During my studies, I also took drawing lessons at the Academy of Fine Arts in Li\u00e8ge.<br \/>Having always been interested in Art and its implementation, at the age of 40, I expressed the wish to return to drawing. First in pencil, then in ink, I ended up getting into acrylic!<\/p><p>Stimulated by Pop Culture, the world of Comics, Japanese manga and American cartoons, I offer works in brilliant, pure colors and with few nuances.<\/p><p>The background, apart from the main character, is sometimes influenced by great masters such as Keith Haring, Piet Mondrian or Roy Lichtenstein but also by the mix of logos of brands, icons or the world of video games.<\/p><p>Most of the time, my compositions are in a square format. The square format has a certain symbolism for me and refers to the theme of \u00ab The square spirit \u00bb: I like to think that \u00ab The square spirit does not guarantee going in circles \u00bb !<\/p>\t\t\t\t\t\t<\/div>\n\t\t\t\t<\/div>\n\t\t\t\t\t<\/div>\n\t\t<\/div>\n\t\t\t\t\t\t\t<\/div>\n\t\t<\/section>\n\t\t\t\t<div class=\"elementor-element elementor-element-e59b733 elementor-widget elementor-widget-heading\" data-id=\"e59b733\" data-element_type=\"widget\" data-widget_type=\"heading.default\">\n\t\t\t\t<div class=\"elementor-widget-container\">\n\t\t\t<h2 class=\"elementor-heading-title elementor-size-default\">Manon \u00abManpil23\u00bb<\/h2>\t\t<\/div>\n\t\t\t\t<\/div>\n\t\t\t\t\t<\/div>\n\t\t<\/div>\n\t\t\t\t\t\t\t<\/div>\n\t\t<\/section>\n\t\t\t\t<section class=\"elementor-section elementor-top-section elementor-element elementor-element-c987a70 elementor-section-boxed elementor-section-height-default elementor-section-height-default\" data-id=\"c987a70\" data-element_type=\"section\">\n\t\t\t\t\t\t<div class=\"elementor-container elementor-column-gap-default\">\n\t\t\t\t\t<div class=\"elementor-column elementor-col-100 elementor-top-column elementor-element elementor-element-7d59475\" data-id=\"7d59475\" data-element_type=\"column\">\n\t\t\t<div class=\"elementor-widget-wrap elementor-element-populated\">\n\t\t\t\t\t\t\t\t<div class=\"elementor-element elementor-element-334d910 elementor-widget elementor-widget-heading\" data-id=\"334d910\" data-element_type=\"widget\" data-widget_type=\"heading.default\">\n\t\t\t\t<div class=\"elementor-widget-container\">\n\t\t\t<h2 class=\"elementor-heading-title elementor-size-default\">My work<\/h2>\t\t<\/div>\n\t\t\t\t<\/div>\n\t\t\t\t<div class=\"elementor-element elementor-element-475ff81 elementor-grid-3 elementor-product-loop-item--align-center elementor-grid-tablet-3 elementor-grid-mobile-2 elementor-products-grid elementor-wc-products elementor-widget elementor-widget-woocommerce-products\" data-id=\"475ff81\" data-element_type=\"widget\" data-widget_type=\"woocommerce-products.default\">\n\t\t\t\t<div class=\"elementor-widget-container\">\n\t\t\t<div class=\"woocommerce columns-3 \"><ul class=\"products elementor-grid columns-3\">\n<li class=\"product type-product post-241 status-publish first instock product_cat-non-classe has-post-thumbnail sold-individually shipping-taxable purchasable product-type-simple\">\n\t<\/li>\n<li class=\"product type-product post-234 status-publish instock product_cat-non-classe has-post-thumbnail sold-individually shipping-taxable purchasable product-type-simple\">\n\t<\/li>\n<li class=\"product type-product post-227 status-publish last instock product_cat-non-classe has-post-thumbnail sold-individually shipping-taxable purchasable product-type-simple\">\n\t<\/li>\n<\/ul>\n<\/div>\t\t<\/div>\n\t\t\t\t<\/div>\n\t\t\t\t<div class=\"elementor-element elementor-element-c5a9aed elementor-align-center elementor-widget elementor-widget-button\" data-id=\"c5a9aed\" data-element_type=\"widget\" data-widget_type=\"button.default\">\n\t\t\t\t<div class=\"elementor-widget-container\">\n\t\t\t\t\t<div class=\"elementor-button-wrapper\">\n\t\t\t<a href=\"https:\/\/martialchouvel.com\/projets\/shopart23\/shop\/\" class=\"elementor-button-link elementor-button elementor-size-sm\" role=\"button\">\n\t\t\t\t\t\t<span class=\"elementor-button-content-wrapper\">\n\t\t\t\t\t\t<span class=\"elementor-button-text\">See more<\/span>\n\t\t<\/span>\n\t\t\t\t\t<\/a>\n\t\t<\/div>\n\t\t\t\t<\/div>\n\t\t\t\t<\/div>\n\t\t\t\t\t<\/div>\n\t\t<\/div>\n\t\t\t\t\t\t\t<\/div>\n\t\t<\/section>\n\t\t\t\t\t\t<\/div>\n\t\t\t\t\t<\/div>\n\t\t","protected":false},"excerpt":{"rendered":"<p>Info A propos N\u00e9e en 1979, \u00e0 Li\u00e8ge, je suis dipl\u00f4m\u00e9e de l\u2019universit\u00e9 de Li\u00e8ge en Histoire de l\u2019art et Arch\u00e9ologie. Pendant mon cursus, j\u2019ai \u00e9galement suivi des cours de dessin \u00e0 l\u2019Acad\u00e9mie des Beaux-Arts de Li\u00e8ge. Ayant toujours \u00e9t\u00e9 int\u00e9ress\u00e9e par l\u2019Art et sa mise en \u0153uvre, \u00e0 l\u2019\u00e2ge de 40 ans, j\u2019ai \u00e9mis [&hellip;]<\/p>\n","protected":false},"author":1,"featured_media":0,"parent":0,"menu_order":0,"comment_status":"closed","ping_status":"closed","template":"elementor_header_footer","meta":{"footnotes":""},"class_list":["post-270","page","type-page","status-publish","hentry"],"_links":{"self":[{"href":"https:\/\/martialchouvel.com\/projets\/shopart23\/wp-json\/wp\/v2\/pages\/270","targetHints":{"allow":["GET"]}}],"collection":[{"href":"https:\/\/martialchouvel.com\/projets\/shopart23\/wp-json\/wp\/v2\/pages"}],"about":[{"href":"https:\/\/martialchouvel.com\/projets\/shopart23\/wp-json\/wp\/v2\/types\/page"}],"author":[{"embeddable":true,"href":"https:\/\/martialchouvel.com\/projets\/shopart23\/wp-json\/wp\/v2\/users\/1"}],"replies":[{"embeddable":true,"href":"https:\/\/martialchouvel.com\/projets\/shopart23\/wp-json\/wp\/v2\/comments?post=270"}],"version-history":[{"count":41,"href":"https:\/\/martialchouvel.com\/projets\/shopart23\/wp-json\/wp\/v2\/pages\/270\/revisions"}],"predecessor-version":[{"id":545,"href":"https:\/\/martialchouvel.com\/projets\/shopart23\/wp-json\/wp\/v2\/pages\/270\/revisions\/545"}],"wp:attachment":[{"href":"https:\/\/martialchouvel.com\/projets\/shopart23\/wp-json\/wp\/v2\/media?parent=270"}],"curies":[{"name":"wp","href":"https:\/\/api.w.org\/{rel}","templated":true}]}}